{"id":10812,"date":"2024-12-26T08:48:52","date_gmt":"2024-12-26T08:48:52","guid":{"rendered":"https:\/\/www.parkmed.com.tr\/yeni\/?post_type=product&#038;p=10812"},"modified":"2024-12-26T08:51:02","modified_gmt":"2024-12-26T08:51:02","slug":"omron-nebulizator-duobaby","status":"publish","type":"product","link":"http:\/\/www.parkmed.com.tr\/yeni\/urun\/omron-nebulizator-duobaby\/","title":{"rendered":"Omron Neb\u00fclizat\u00f6r &#8211; DuoBaby"},"content":{"rendered":"<p>3 Y\u0131l Garanti DuoBaby, bebeklerde en s\u0131k g\u00f6r\u00fclen solunum rahats\u0131zl\u0131klar\u0131n\u0131 tedavi etmeye yard\u0131mc\u0131 olabilen entegre burun aspirat\u00f6r\u00fcyle birlikte 2&#8217;si Bir Arada e\u015fsiz bir kompres\u00f6rl\u00fc nebulizat\u00f6rd\u00fcr. Nazal aspirat\u00f6r bebe\u011fin burnunu nazik bir \u015fekilde temizleyerek t\u0131kan\u0131kl\u0131\u011f\u0131 azalt\u0131r ve bebe\u011fin rahat\u00e7a nefes almas\u0131n\u0131 sa\u011flar. Nebulizat\u00f6r, \u00fcst ve alt solunum yollar\u0131na etkin bir \u015fekilde ila\u00e7 uygulanmas\u0131n\u0131 sa\u011flar. Bebekler i\u00e7in 2&#8217;si Bir Arada nebulizat\u00f6r ve nazal aspirat\u00f6r. Nazal aspirat\u00f6r burun t\u0131kan\u0131kl\u0131\u011f\u0131n\u0131 ve solunum enfeksiyonlar\u0131 riskini azaltmaya yard\u0131mc\u0131 olur(1). Nebulizat\u00f6r, \u00fcst ve alt solunum yollar\u0131 rahats\u0131zl\u0131klar\u0131 i\u00e7in etkin bir \u015fekilde ila\u00e7 uygulanmas\u0131n\u0131 sa\u011flar. Kullan\u0131m\u0131 kolay ve hijyenik. Aspirat\u00f6r, antibakteriyel filtrelere gerek olmaks\u0131z\u0131n t\u00fcm\u00fcyle y\u0131kanabilir.<\/p>\n<p><strong>\u00c7ocuklarda g\u00f6r\u00fclen hastal\u0131klar<\/strong><\/p>\n<p>\u00c7ocuklarda ast\u0131m<\/p>\n","protected":false},"excerpt":{"rendered":"<p>3 Y\u0131l Garanti DuoBaby, bebeklerde en s\u0131k g\u00f6r\u00fclen solunum rahats\u0131zl\u0131klar\u0131n\u0131 tedavi etmeye yard\u0131mc\u0131 olabilen entegre burun aspirat\u00f6r\u00fcyle birlikte 2&#8217;si Bir<\/p>\n","protected":false},"featured_media":10816,"comment_status":"open","ping_status":"closed","template":"","meta":{"_joinchat":[]},"product_brand":[],"product_cat":[123,124],"product_tag":[],"class_list":{"0":"post-10812","1":"product","2":"type-product","3":"status-publish","4":"has-post-thumbnail","6":"product_cat-medikal-cihazlar","7":"product_cat-omron-grubu-medikal-cihazlar","9":"first","10":"instock","11":"shipping-taxable","12":"product-type-simple"},"jetpack_sharing_enabled":true,"_links":{"self":[{"href":"http:\/\/www.parkmed.com.tr\/yeni\/wp-json\/wp\/v2\/product\/10812","targetHints":{"allow":["GET"]}}],"collection":[{"href":"http:\/\/www.parkmed.com.tr\/yeni\/wp-json\/wp\/v2\/product"}],"about":[{"href":"http:\/\/www.parkmed.com.tr\/yeni\/wp-json\/wp\/v2\/types\/product"}],"replies":[{"embeddable":true,"href":"http:\/\/www.parkmed.com.tr\/yeni\/wp-json\/wp\/v2\/comments?post=10812"}],"version-history":[{"count":2,"href":"http:\/\/www.parkmed.com.tr\/yeni\/wp-json\/wp\/v2\/product\/10812\/revisions"}],"predecessor-version":[{"id":10817,"href":"http:\/\/www.parkmed.com.tr\/yeni\/wp-json\/wp\/v2\/product\/10812\/revisions\/10817"}],"wp:featuredmedia":[{"embeddable":true,"href":"http:\/\/www.parkmed.com.tr\/yeni\/wp-json\/wp\/v2\/media\/10816"}],"wp:attachment":[{"href":"http:\/\/www.parkmed.com.tr\/yeni\/wp-json\/wp\/v2\/media?parent=10812"}],"wp:term":[{"taxonomy":"product_brand","embeddable":true,"href":"http:\/\/www.parkmed.com.tr\/yeni\/wp-json\/wp\/v2\/product_brand?post=10812"},{"taxonomy":"product_cat","embeddable":true,"href":"http:\/\/www.parkmed.com.tr\/yeni\/wp-json\/wp\/v2\/product_cat?post=10812"},{"taxonomy":"product_tag","embeddable":true,"href":"http:\/\/www.parkmed.com.tr\/yeni\/wp-json\/wp\/v2\/product_tag?post=10812"}],"curies":[{"name":"wp","href":"https:\/\/api.w.org\/{rel}","templated":true}]}}