{"id":10815,"date":"2024-12-26T08:52:04","date_gmt":"2024-12-26T08:52:04","guid":{"rendered":"https:\/\/www.parkmed.com.tr\/yeni\/?post_type=product&#038;p=10815"},"modified":"2024-12-26T08:52:30","modified_gmt":"2024-12-26T08:52:30","slug":"omron-nebulizator-c102-total","status":"publish","type":"product","link":"http:\/\/www.parkmed.com.tr\/yeni\/urun\/omron-nebulizator-c102-total\/","title":{"rendered":"Omron Neb\u00fclizat\u00f6r &#8211; C102 Total"},"content":{"rendered":"<p>3 Y\u0131l Garanti Mevsimlerin de\u011fi\u015fmesiyle \u00e7ocuklar, rahat\u00e7a nefes almalar\u0131n\u0131 g\u00fc\u00e7le\u015ftiren \u00e7e\u015fitli solunum yolu hastal\u0131klar\u0131na yakalanabilir. \u0130lkbaharda ve yaz\u0131n polenler alerjik riniti tetikleyerek burun ak\u0131nt\u0131s\u0131na, aks\u0131rmaya veya g\u00f6zlerde ve burunda ka\u015f\u0131nt\u0131ya neden olabilir Sonbaharda ve k\u0131\u015f\u0131n vir\u00fcsler yay\u0131lmaya ba\u015flar ve burun t\u0131kan\u0131kl\u0131\u011f\u0131 veya ak\u0131nt\u0131s\u0131, \u00f6ks\u00fcr\u00fck ya da bo\u011faz a\u011fr\u0131s\u0131 gibi semptomlarla solunum yollar\u0131n\u0131 etkiler OMRON C102 Total 2&#8217;si Bir Arada Burun Y\u0131kamal\u0131 Nebulizat\u00f6r ile y\u0131l boyunca farkl\u0131 solunum semptomlar\u0131n\u0131 ve hastal\u0131klar\u0131n\u0131 etkili bir \u015fekilde tedavi edebilir ve rahatlama sa\u011flayabilirsiniz. Burun Y\u0131kama &#8211; Burun bo\u015flu\u011funu temizler ve so\u011fuk alg\u0131nl\u0131\u011f\u0131, alerjik rinit veya sin\u00fczit gibi ko\u015fullar\u0131n semptomlar\u0131n\u0131 hafifletmeye yard\u0131mc\u0131 olur Nebulizat\u00f6r &#8211; Bron\u015fit, bron\u015fiyolit ve ast\u0131m gibi hastal\u0131klar\u0131 tedavi etmek i\u00e7in akci\u011ferlerde etkin ila\u00e7 birikimini sa\u011flar Kullan\u0131m\u0131 kolay ve hijyenik \u00c7ocuklar ve yeti\u015fkinler i\u00e7in uygun<\/p>\n<p><strong>Teknik \u00f6zellikler<\/strong><\/p>\n<p>Nebulizat\u00f6r Tipi\u00a0 Nazal Aspirat\u00f6rl\u00fc Kompres\u00f6rl\u00fc Nebulizat\u00f6r<\/p>\n<p>Hedef solunum yollar\u0131 \u00dcst Solunum Yollar\u0131 &#8211; T\u0131kal\u0131 burun &#8211; Rinit &#8211; Alerjik Rinit &#8211; Larenjit,<\/p>\n<p>Alt Solunum Yollar\u0131 &#8211; Ast\u0131m &#8211; Bron\u015fit &#8211; Bron\u015fiyolit &#8211; KOAH<\/p>\n<p>Ya\u015f Aral\u0131\u011f\u0131 \u00c7ocuk, Yeti\u015fkin<\/p>\n<p>Nebulizasyon H\u0131z\u0131 Nebulizat\u00f6r 0,35 ml\/dak. Burun y\u0131kama &gt; 5 ml\/dak<\/p>\n<p>. Aerosol %&#8217;si &lt; 5 \u00b5m Nebulizat\u00f6r 2,6 \u00b5m. Burun y\u0131kama, 10 \u00b5m&#8217;den b\u00fcy\u00fck partik\u00fcllerin %90&#8217;\u0131<\/p>\n<p>\u0130la\u00e7 Uygulama Miktarlar\u0131 Nebulizat\u00f6r 10-12 ml. Burun y\u0131kama 3-15 ml<\/p>\n<p>\u015eebeke Elektri\u011fiyle Kullan\u0131m Evet<\/p>\n<p>Ses (dB) 57 dB<\/p>\n<p>Uzunluk (cm) 23,50<\/p>\n<p>Y\u00fckseklik (cm) 18,50<\/p>\n<p>Derinlik (cm) 15,50<\/p>\n<p>Sat\u0131\u015f Ambalaj\u0131 A\u011f\u0131rl\u0131\u011f\u0131 (g) 1.640,00<\/p>\n","protected":false},"excerpt":{"rendered":"<p>3 Y\u0131l Garanti Mevsimlerin de\u011fi\u015fmesiyle \u00e7ocuklar, rahat\u00e7a nefes almalar\u0131n\u0131 g\u00fc\u00e7le\u015ftiren \u00e7e\u015fitli solunum yolu hastal\u0131klar\u0131na yakalanabilir. \u0130lkbaharda ve yaz\u0131n polenler alerjik<\/p>\n","protected":false},"featured_media":10813,"comment_status":"open","ping_status":"closed","template":"","meta":{"_joinchat":[]},"product_brand":[],"product_cat":[123],"product_tag":[],"class_list":{"0":"post-10815","1":"product","2":"type-product","3":"status-publish","4":"has-post-thumbnail","6":"product_cat-medikal-cihazlar","8":"first","9":"instock","10":"shipping-taxable","11":"product-type-simple"},"jetpack_sharing_enabled":true,"_links":{"self":[{"href":"http:\/\/www.parkmed.com.tr\/yeni\/wp-json\/wp\/v2\/product\/10815","targetHints":{"allow":["GET"]}}],"collection":[{"href":"http:\/\/www.parkmed.com.tr\/yeni\/wp-json\/wp\/v2\/product"}],"about":[{"href":"http:\/\/www.parkmed.com.tr\/yeni\/wp-json\/wp\/v2\/types\/product"}],"replies":[{"embeddable":true,"href":"http:\/\/www.parkmed.com.tr\/yeni\/wp-json\/wp\/v2\/comments?post=10815"}],"version-history":[{"count":1,"href":"http:\/\/www.parkmed.com.tr\/yeni\/wp-json\/wp\/v2\/product\/10815\/revisions"}],"predecessor-version":[{"id":10819,"href":"http:\/\/www.parkmed.com.tr\/yeni\/wp-json\/wp\/v2\/product\/10815\/revisions\/10819"}],"wp:featuredmedia":[{"embeddable":true,"href":"http:\/\/www.parkmed.com.tr\/yeni\/wp-json\/wp\/v2\/media\/10813"}],"wp:attachment":[{"href":"http:\/\/www.parkmed.com.tr\/yeni\/wp-json\/wp\/v2\/media?parent=10815"}],"wp:term":[{"taxonomy":"product_brand","embeddable":true,"href":"http:\/\/www.parkmed.com.tr\/yeni\/wp-json\/wp\/v2\/product_brand?post=10815"},{"taxonomy":"product_cat","embeddable":true,"href":"http:\/\/www.parkmed.com.tr\/yeni\/wp-json\/wp\/v2\/product_cat?post=10815"},{"taxonomy":"product_tag","embeddable":true,"href":"http:\/\/www.parkmed.com.tr\/yeni\/wp-json\/wp\/v2\/product_tag?post=10815"}],"curies":[{"name":"wp","href":"https:\/\/api.w.org\/{rel}","templated":true}]}}