{"id":10823,"date":"2024-12-26T08:55:48","date_gmt":"2024-12-26T08:55:48","guid":{"rendered":"https:\/\/www.parkmed.com.tr\/yeni\/?post_type=product&#038;p=10823"},"modified":"2024-12-26T08:55:48","modified_gmt":"2024-12-26T08:55:48","slug":"omron-nebulizator-microair-u100","status":"publish","type":"product","link":"http:\/\/www.parkmed.com.tr\/yeni\/urun\/omron-nebulizator-microair-u100\/","title":{"rendered":"Omron Neb\u00fclizat\u00f6r &#8211; MicroAir U100"},"content":{"rendered":"<p>3 Y\u0131l Garanti OMRON MicroAIR U100, basit \u00f6ks\u00fcr\u00fckten ast\u0131ma kadar \u00e7e\u015fitli solunum rahats\u0131zl\u0131klar\u0131n\u0131 etkili bir \u015fekilde tedavi etmeye yard\u0131mc\u0131 olan k\u00fc\u00e7\u00fck ve ta\u015f\u0131nabilir bir nebulizat\u00f6rd\u00fcr. Geleneksel nebulizat\u00f6rler hantal ve g\u00fcr\u00fclt\u00fcl\u00fc olabilmekte ve \u00e7al\u0131\u015fmalar\u0131 i\u00e7in elektrik prizi gerekebilmektedir. D\u0131\u015far\u0131da g\u00fczel bir g\u00fcn ge\u00e7irmeyi planlarken pek de kullan\u0131\u015fl\u0131 say\u0131lmaz! Art\u0131k yoldayken bile rahatlama imkan\u0131 parmaklar\u0131n\u0131z\u0131n ucunda. Pille \u00e7al\u0131\u015fan MicroAIR U100 kompakt, seyahate haz\u0131r ve her ihtiyac\u0131n\u0131z oldu\u011fundan ula\u015f\u0131lmas\u0131 kolay bir \u00fcr\u00fcnd\u00fcr. Benzersiz mesh teknolojisi, geleneksel nebulizat\u00f6rlerin kullan\u0131m\u0131na k\u0131yasla cihaz\u0131 daha verimli1 ve daha rahat k\u0131lar. Neredeyse sessizdir ve benzersiz tasar\u0131m\u0131 her pozisyonda kullan\u0131ma imkan verir. Yatarken bile kullan\u0131labilmesi k\u00fc\u00e7\u00fck \u00e7ocuklar i\u00e7in daha rahat kullan\u0131lmas\u0131n\u0131 sa\u011flar. 1. \u00c7o\u011fu kompres\u00f6rl\u00fc nebulizat\u00f6re k\u0131yasla<\/p>\n<p><strong>Ger\u00e7ek anlamda portatif<\/strong><\/p>\n<p>Ger\u00e7ek anlamda portatif, cep boyutunda ve pilli. Art\u0131k ila\u00e7lar\u0131n\u0131z\u0131 istedi\u011finiz zaman, istedi\u011finiz yerde alabilirsiniz.<\/p>\n","protected":false},"excerpt":{"rendered":"<p>3 Y\u0131l Garanti OMRON MicroAIR U100, basit \u00f6ks\u00fcr\u00fckten ast\u0131ma kadar \u00e7e\u015fitli solunum rahats\u0131zl\u0131klar\u0131n\u0131 etkili bir \u015fekilde tedavi etmeye yard\u0131mc\u0131 olan<\/p>\n","protected":false},"featured_media":10824,"comment_status":"open","ping_status":"closed","template":"","meta":{"_joinchat":[]},"product_brand":[],"product_cat":[123],"product_tag":[],"class_list":{"0":"post-10823","1":"product","2":"type-product","3":"status-publish","4":"has-post-thumbnail","6":"product_cat-medikal-cihazlar","8":"first","9":"instock","10":"shipping-taxable","11":"product-type-simple"},"jetpack_sharing_enabled":true,"_links":{"self":[{"href":"http:\/\/www.parkmed.com.tr\/yeni\/wp-json\/wp\/v2\/product\/10823","targetHints":{"allow":["GET"]}}],"collection":[{"href":"http:\/\/www.parkmed.com.tr\/yeni\/wp-json\/wp\/v2\/product"}],"about":[{"href":"http:\/\/www.parkmed.com.tr\/yeni\/wp-json\/wp\/v2\/types\/product"}],"replies":[{"embeddable":true,"href":"http:\/\/www.parkmed.com.tr\/yeni\/wp-json\/wp\/v2\/comments?post=10823"}],"version-history":[{"count":1,"href":"http:\/\/www.parkmed.com.tr\/yeni\/wp-json\/wp\/v2\/product\/10823\/revisions"}],"predecessor-version":[{"id":10825,"href":"http:\/\/www.parkmed.com.tr\/yeni\/wp-json\/wp\/v2\/product\/10823\/revisions\/10825"}],"wp:featuredmedia":[{"embeddable":true,"href":"http:\/\/www.parkmed.com.tr\/yeni\/wp-json\/wp\/v2\/media\/10824"}],"wp:attachment":[{"href":"http:\/\/www.parkmed.com.tr\/yeni\/wp-json\/wp\/v2\/media?parent=10823"}],"wp:term":[{"taxonomy":"product_brand","embeddable":true,"href":"http:\/\/www.parkmed.com.tr\/yeni\/wp-json\/wp\/v2\/product_brand?post=10823"},{"taxonomy":"product_cat","embeddable":true,"href":"http:\/\/www.parkmed.com.tr\/yeni\/wp-json\/wp\/v2\/product_cat?post=10823"},{"taxonomy":"product_tag","embeddable":true,"href":"http:\/\/www.parkmed.com.tr\/yeni\/wp-json\/wp\/v2\/product_tag?post=10823"}],"curies":[{"name":"wp","href":"https:\/\/api.w.org\/{rel}","templated":true}]}}