{"id":11375,"date":"2025-07-16T09:28:08","date_gmt":"2025-07-16T09:28:08","guid":{"rendered":"https:\/\/www.parkmed.com.tr\/yeni\/?post_type=product&#038;p=11375"},"modified":"2025-07-16T09:28:17","modified_gmt":"2025-07-16T09:28:17","slug":"elastik-orme-dirseklik","status":"publish","type":"product","link":"http:\/\/www.parkmed.com.tr\/yeni\/urun\/elastik-orme-dirseklik\/","title":{"rendered":"Elastik \u00d6rme Dirseklik"},"content":{"rendered":"<div class=\"product-describe\">\n<ul>\n<li>Hava alabilen kuma\u015ftan \u00fcretilmi\u015f elastik dirsekliktir<\/li>\n<li>Tenis\u00e7i dirsek sendromu ve epikondilit tedavisinde kullan\u0131l\u0131r.<\/li>\n<li>Silikon ped sayesinde fleks\u00f6r tendonlar\u0131na destek sa\u011flar.<\/li>\n<li>Esnekli\u011fi y\u00fcksek, hava ge\u00e7iren ve kompresif \u00f6zelli\u011fe sahip \u00f6rg\u00fc dokuma kuma\u0219tan imal edilmi\u0219tir.<\/li>\n<\/ul>\n<p>&nbsp;<\/p>\n<\/div>\n<div class=\"product-describe\">\n<h2>END\u0130KASYONLARI<\/h2>\n<ul>\n<li>-Kire\u00e7lenmelerde,<\/li>\n<li>-Eklem i\u00e7i s\u0131v\u0131 art\u0131\u015flar\u0131nda,<\/li>\n<li>-Ameliyat sonras\u0131 koruma ve rehabilitasyon ama\u00e7l\u0131,<\/li>\n<li>-Sportif aktiviteler s\u0131ras\u0131nda koruma ama\u00e7l\u0131, -Is\u0131 ve kompresyon ama\u00e7l\u0131 kullan\u0131l\u0131r.<\/li>\n<\/ul>\n<\/div>\n<div><img decoding=\"async\" class=\"img-fluid\" src=\"https:\/\/www.parkmed.com.tr\/uploads\/pictures\/p1_ekler2size_1576050247.png\" alt=\"\" \/><\/div>\n","protected":false},"excerpt":{"rendered":"<p>Hava alabilen kuma\u015ftan \u00fcretilmi\u015f elastik dirsekliktir Tenis\u00e7i dirsek sendromu ve epikondilit tedavisinde kullan\u0131l\u0131r. Silikon ped sayesinde fleks\u00f6r tendonlar\u0131na destek sa\u011flar.<\/p>\n","protected":false},"featured_media":11376,"comment_status":"open","ping_status":"closed","template":"","meta":{"_joinchat":[]},"product_brand":[],"product_cat":[139],"product_tag":[],"class_list":{"0":"post-11375","1":"product","2":"type-product","3":"status-publish","4":"has-post-thumbnail","6":"product_cat-boyunluklar","8":"first","9":"instock","10":"shipping-taxable","11":"product-type-simple"},"jetpack_sharing_enabled":true,"_links":{"self":[{"href":"http:\/\/www.parkmed.com.tr\/yeni\/wp-json\/wp\/v2\/product\/11375","targetHints":{"allow":["GET"]}}],"collection":[{"href":"http:\/\/www.parkmed.com.tr\/yeni\/wp-json\/wp\/v2\/product"}],"about":[{"href":"http:\/\/www.parkmed.com.tr\/yeni\/wp-json\/wp\/v2\/types\/product"}],"replies":[{"embeddable":true,"href":"http:\/\/www.parkmed.com.tr\/yeni\/wp-json\/wp\/v2\/comments?post=11375"}],"version-history":[{"count":1,"href":"http:\/\/www.parkmed.com.tr\/yeni\/wp-json\/wp\/v2\/product\/11375\/revisions"}],"predecessor-version":[{"id":11377,"href":"http:\/\/www.parkmed.com.tr\/yeni\/wp-json\/wp\/v2\/product\/11375\/revisions\/11377"}],"wp:featuredmedia":[{"embeddable":true,"href":"http:\/\/www.parkmed.com.tr\/yeni\/wp-json\/wp\/v2\/media\/11376"}],"wp:attachment":[{"href":"http:\/\/www.parkmed.com.tr\/yeni\/wp-json\/wp\/v2\/media?parent=11375"}],"wp:term":[{"taxonomy":"product_brand","embeddable":true,"href":"http:\/\/www.parkmed.com.tr\/yeni\/wp-json\/wp\/v2\/product_brand?post=11375"},{"taxonomy":"product_cat","embeddable":true,"href":"http:\/\/www.parkmed.com.tr\/yeni\/wp-json\/wp\/v2\/product_cat?post=11375"},{"taxonomy":"product_tag","embeddable":true,"href":"http:\/\/www.parkmed.com.tr\/yeni\/wp-json\/wp\/v2\/product_tag?post=11375"}],"curies":[{"name":"wp","href":"https:\/\/api.w.org\/{rel}","templated":true}]}}